
16
What is the greatest common factor of 2910 and 15?
15
Calculate the highest common divisor of 3 and 122.
1
What is the greatest common factor of 777 and 222?
111
Calculate the greatest common divisor of 1393 and 28.
7
What is the highest common factor of 17 and 272?
17
Calculate the greatest common divisor of 184 and 64.
8
Calculate the highest common factor of 10 and 310.
10
What is the greatest common factor of 4 and 5804?
4
What is the highest common factor of 29776 and 16?
16
Calculate the highest common divisor of 1184 and 4292.
148
What is the greatest common factor of 429 and 33?
33
What is the greatest common factor of 48 and 9264?
48
Calculate the greatest common divisor of 10500 and 600.
300
Calculate the highest common factor of 2910 and 30.
30
Calculate the greatest common factor of 144 and 336.
48
Calculate the highest common divisor of 2886 and 1170.
78
What is the highest common divisor of 312 and 72?
24
Calculate the highest common divisor of 222 and 1036.
74
What is the highest common divisor of 506 and 286?
22
What is the highest common factor of 115 and 85?
5
What is the greatest common divisor of 3 and 31?
1
Calculate the greatest common factor of 16 and 1112.
8
Calculate the greatest common divisor of 323 and 119.
17
Calculate the greatest common factor of 60 and 5430.
30
What is the greatest common factor of 2124 and 528?
12
Calculate the highest common factor of 153 and 9.
9
What is the highest common divisor of 1452 and 12?
12
Calculate the greatest common divisor of 5 and 3715.
5
Calculate the greatest common divisor of 152 and 4598.
38
Calculate the highest common divisor of 17510 and 10.
10
What is the highest common divisor of 1525 and 61?
61
What is the highest common factor of 160 and 1680?
80
What is the highest common divisor of 168 and 1596?
84
Calculate the highest common factor of 648 and 24.
24
What is the highest common factor of 75 and 5725?
25
Calculate the greatest common divisor of 188 and 94.
94
Calculate the greatest common divisor of 2592 and 81.
81
Calculate the highest common divisor of 49 and 84.
7
Calculate the greatest common divisor of 15488 and 121.
121
What is the greatest common factor of 90 and 9270?
90
Calculate the greatest common factor of 230 and 200.
10
Calculate the greatest common divisor of 3434 and 238.
34
What is the highest common divisor of 338 and 16055?
169
What is the highest common divisor of 420 and 357?
21
Calculate the greatest common factor of 9166 and 2.
2
What is the highest common factor of 817 and 76?
19
What is the greatest common divisor of 234 and 65?
13
Calculate the highest common divisor of 1184 and 1216.
32
What is the highest common divisor of 549 and 45?
9
Calculate the greatest common divisor of 3939 and 1818.
303
What is the highest common divisor of 57264 and 12?
12
Calculate the highest common divisor of 27588 and 684.
228
Calculate the greatest common divisor of 527 and 34.
17
What is the highest common factor of 144 and 90?
18
Calculate the highest common divisor of 16 and 256.
16
Calculate the greatest common factor of 118 and 8.
2
What is the highest common divisor of 405 and 45?
45
Calculate the highest common divisor of 85 and 340.
85
Calculate the greatest common divisor of 63 and 19341.
63
Calculate the greatest common divisor of 21819 and 42.
21
What is the highest common divisor of 8 and 3?
1
Calculate the greatest common divisor of 909 and 9.
9
Calculate the greatest common factor of 12862 and 354.
118
Calculate the highest common divisor of 156 and 65.
13
Calculate the greatest common factor of 35 and 15.
5
What is the greatest common divisor of 34 and 10370?
34
Calculate the greatest common factor of 64 and 1728.
64
What is the greatest common divisor of 41 and 82?
41
What is the greatest common divisor of 5 and 65?
5
Calculate the greatest common factor of 84 and 1428.
84
Calculate the highest common divisor of 8 and 56.
8
Calculate the highest common divisor of 6050 and 50.
50
What is the highest common divisor of 90 and 198?
18
Calculate the highest common factor of 47844 and 108.
108
What is the highest common factor of 1852 and 24?
4
What is the greatest common factor of 266 and 304?
38
Calculate the greatest common divisor of 120 and 195.
15
Calculate the highest common divisor of 256 and 2208.
32
Calculate the highest common factor of 161 and 46.
23
What is the highest common divisor of 4298 and 14?
14
Calculate the greatest common factor of 36 and 837.
9
What is the greatest common divisor of 1305 and 3654?
261
What is the highest common divisor of 10 and 130?
10
What is the greatest common factor of 18 and 32418?
18
What is the highest common factor of 13 and 247?
13
Calculate the highest common divisor of 48 and 237.
3
Calculate the greatest common factor of 293 and 2.
1
Calculate the highest common factor of 8 and 1256.
8
Calculate the greatest common divisor of 28 and 161.
7
What is the greatest common factor of 16092 and 108?
108
Calculate the greatest common factor of 15804 and 72.
36
Calculate the highest common factor of 30 and 2430.
30
Calculate the greatest common factor of 168 and 378.
42
What is the highest common factor of 85 and 1292?
17
Calculate the greatest common factor of 52731 and 217.
217
Calculate the greatest common factor of 73 and 511.
73
What is the highest common factor of 108 and 207?
9
What is the greatest common factor of 66 and 1056?
66
What is the highest common factor of 60 and 1060?
20
What is the greatest common divisor of 3431 and 47?
47
Calculate the highest common factor of 1139 and 134.
67
What is the highest common divisor of 209 and 26752?
209
What is the greatest common factor of 81 and 6534?
27
Calculate the greatest common factor of 4050 and 300.
150
What is the greatest common factor of 180 and 4260?
60
Calculate the highest common factor of 726 and 132.
66
What is the greatest common factor of 156 and 572?
52
What is the highest common divisor of 16337 and 51?
17
What is the highest common factor of 145 and 15?
5
What is the greatest common factor of 8550 and 114?
114
Calculate the highest common divisor of 46472 and 148.
148
Calculate the greatest common factor of 147 and 77.
7
Calculate the greatest common factor of 3 and 721.
1
What is the greatest common factor of 30 and 190?
10
Calculate the greatest common factor of 20 and 1250.
10
Calculate the highest common divisor of 480 and 1110.
30
What is the greatest common factor of 2613 and 78?
39
Calculate the greatest common factor of 365 and 15403.
73
What is the greatest common factor of 4 and 626?
2
What is the greatest common factor of 66 and 66?
66
What is the highest common factor of 260 and 1950?
130
What is the greatest common factor of 19 and 1368?
19
Calculate the highest common divisor of 788 and 8.
4
Calculate the greatest common divisor of 80 and 7.
1
Calculate the highest common factor of 5994 and 2886.
222
Calculate the greatest common divisor of 90 and 480.
30
What is the greatest common factor of 50 and 270?
10
What is the greatest common factor of 4825 and 275?
25
Calculate the greatest common factor of 20272 and 14.
14
What is the greatest common factor of 11 and 1507?
11
What is the greatest common factor of 780 and 4836?
156
What is the greatest common factor of 285 and 150?
15
What is the greatest common factor of 403 and 13?
13
What is the greatest common factor of 11 and 9196?
11
What is the highest common divisor of 54 and 306?
18
What is the highest common divisor of 3751 and 33?
11
Calculate the greatest common divisor of 31 and 26009.
31
Calculate the highest common factor of 17565 and 15.
15
What is the highest common divisor of 224 and 21728?
224
What is the greatest common divisor of 1884 and 12?
12
What is the greatest common factor of 258 and 20898?
258
What is the greatest common divisor of 884 and 468?
52
What is the highest common divisor of 55 and 1045?
55
Calculate the greatest common factor of 20 and 470.
10
Calculate the greatest common divisor of 123 and 204.
3
Calculate the greatest common factor of 374 and 110.
22
What is the highest common factor of 330 and 600?
30
Calculate the greatest common factor of 184 and 29256.
184
Calculate the greatest common divisor of 14 and 8519.
7
Calcula